*2 + 5*g - 10. What are the prime factors of k(7)?
3, 41
Let k(v) = -8*v - 2. Let r(y) = -y**3 - 10*y**2 - y - 6. Let o be r(-10). Suppose c - 3*c - o = 0. List the prime factors of k(c).
2, 7
Let q(j) = -3*j**3 + 3*j + 3. Let b(r) be the first derivative of r**4/4 + r**3/3 - r + 3. Let y(c) = 2*b(c) + q(c). What are the prime factors of y(-2)?
11
Let h(o) = -o**3 - 9*o**2 - 4*o. Let j be h(-9). Suppose -6*g + 2*g = -j. Let q = -4 + g. List the prime factors of q.
5
Let n(x) = -x**3 + 3*x**2 + 3*x - 3. Let q be n(4). Let o = q + 12. Suppose -o*m = -7 - 18. List the prime factors of m.
5
Let x be 9/(-7) - (-2)/7. Let a be (4/(-6))/(x/3). List the prime factors of (-23)/(-2) + a/4.
2, 3
Let c = 10 - 8. Suppose -j = 4*w - 55, c*w + 0*w - j - 29 = 0. What are the prime factors of w?
2, 7
Let z = 7 + -4. Suppose 0*f + z*f = 78. Suppose -f = -l - l. What are the prime factors of l?
13
Let i = -21 + 76. List the prime factors of i.
5, 11
Suppose 72 = 3*s + 3*t, -4*s + 127 = -4*t + 23. What are the prime factors of s?
5
Suppose 4*r = -3*c - 34 - 8, 3*r = -4*c - 49. Let m = 14 + c. What are the prime factors of m?
2
Suppose 4*m - 46 = 106. What are the prime factors of m?
2, 19
Let s = -30 + 57. Let z be 1*s - (1 - -1). Suppose -3*q = 5*l - 5*q - z, 2*l - q = 11. What are the prime factors of l?
3
Suppose -3*r - 261 = -h, 2*h - r = -87 + 594. List the prime factors of h.
2, 3, 7
Let o = 14 + 0. Suppose 0 = -7*t + 2*t + 4*j - 49, 4*j - 13 = t. Let v = t + o. List the prime factors of v.
5
Suppose 0 = 2*t + 3*i - 12 - 1, 0 = 2*t + 2*i - 10. Suppose -3 = -2*k - 1, -t*q + 15 = -3*k. What are the prime factors of q?
3
What are the prime factors of (130/25)/((-1)/(-5))?
2, 13
Let h = 17 - -42. What are the prime factors of h?
59
Let s = -1 - 0. What are the prime factors of s/((4/2)/(-6))?
3
Let j be (-5 - -3)/(-2 + 0). List the prime factors of (-1 + -1 + j)*-3.
3
Let a(f) = -f**3 - 6*f**2 - f + 4. Suppose 3 = s + 9. What are the prime factors of a(s)?
2, 5
Suppose 0 = 3*m - 3*f - 54, -2*m = m + 4*f - 26. Let y = m + -10. List the prime factors of y.
2
Let g(k) = -5*k. What are the prime factors of g(-3)?
3, 5
Suppose -4*j + 13 = c, 3*c = -5*j + 43 + 17. Let n = c - -3. What are the prime factors of n?
2, 7
Let c(l) be the second derivative of -7*l**6/720 + l**5/120 - l**4/6 - 3*l. Let o(h) be the third derivative of c(h). What are the prime factors of o(-2)?
3, 5
Suppose -5*b + 4*k - 91 = -0*b, -4*b + 3*k = 72. Let a = -9 - b. Suppose a*h = -3*w + 2*h + 14, 5*w + 3*h = 16. List the prime factors of w.
2
Let z = 9 - -3. Suppose 5*p = 3*w - 9, 2*w - 3 = 3*p + 3. Suppose 2*j - j - z = p. What are the prime factors of j?
2, 3
Let m be 47/((1/(-3))/1). List the prime factors of 2/(-5) - m/15.
3
Suppose -4 = 2*j + 2. What are the prime factors of j/(-4)*(-144)/(-6)?
2, 3
Let n be (-6 - -3)/(1*-1). Suppose 105 + 15 = 5*c. Suppose 5*l - n*l - c = 0. What are the prime factors of l?
2, 3
Let x(y) = 8*y - 56. What are the prime factors of x(10)?
2, 3
Let s(i) = i**2 - 2*i + 4. Let v be s(7). Suppose -4*z - v = -3*o - 5, -4*o - 5*z + 97 = 0. What are the prime factors of o?
2, 3
Suppose g - 5 - 1 = 0. Suppose -g*l + 15 = -3*l. Suppose -j - p = -4*j + l, -5*j - p = -11. List the prime factors of j.
2
Suppose 0*y + y - 7 = 0. Let c(s) = y*s + 0*s**2 - 3*s**2 - s**3 - 2 + 0*s**2. List the prime factors of c(-5).
13
Suppose 4*s - 2*t = 48, 4*s - 4*t + 3*t - 44 = 0. Suppose -2*x + s = -0. Suppose -q - x = -2*q. List the prime factors of q.
5
Let h(d) = 2*d + 35. What are the prime factors of h(21)?
7, 11
Let n(q) = 2*q**2 - 7*q - 20. What are the prime factors of n(11)?
5, 29
Suppose -5*l - 2*f - 46 = 5, -2*l - 3*f - 27 = 0. Let d be ((-6)/l)/((-2)/(-3)). Let v = d + 1. List the prime factors of v.
2
Let n(k) = -2 + 6*k**2 - 8*k**2 - 2*k - 2*k - k**3. List the prime factors of n(-2).
2, 3
Suppose -5*f = 5*z - 1335, 3*f - 1355 = -5*z + 2*f. What are the prime factors of (z/40)/(2/10)?
2, 17
Let q = 13 - -9. List the prime factors of q.
2, 11
Suppose 0 = 3*p - 2*p + 2. Let t = 0 - p. What are the prime factors of t?
2
Let g = 19 - 10. List the prime factors of g.
3
Suppose -v + 59 = -178. List the prime factors of v.
3, 79
Let m(h) = -h**2 - 16*h - 11. Let r be m(-15). List the prime factors of (r/3)/(3/108).
2, 3
Let g = -13 + 8. Let k(c) be the second derivative of c**5/20 + c**4/3 - 7*c**3/6 - 7*c**2/2 - 3*c. List the prime factors of k(g).
3
Let z = -4 - -11. Let r = z - 5. List the prime factors of r.
2
Suppose -2*f - 2*w + 4 = 0, 6*w + 12 = f + 2*w. List the prime factors of f.
2
Let t = 1 + 3. Suppose -15 + 2 = -2*d - s, 4*s = -t*d + 28. What are the prime factors of d?
2, 3
Suppose 0 = l - 24 + 12. List the prime factors of (-1)/1 - (-36 + l).
23
Suppose -2*o - 10 = 4*b, -4*b + 2*b - 8 = 0. Suppose -j + 2*j - 26 = -4*z, o*z - 17 = -2*j. List the prime factors of z.
7
Let c(b) = 3*b**2 + 11*b - 24. List the prime factors of c(-8).
2, 5
Let w = 8 - 3. Suppose 2*t + 4*s + w = 3*t, 2*s = 2. Suppose -k + 4*k = t. List the prime factors of k.
3
Let d = 64 - 30. Suppose 0 = k - 5*m + 6, 0*k + k = -3*m + d. What are the prime factors of k?
19
Let a be (378/45)/((-2)/10). Let y = -24 - a. List the prime factors of y.
2, 3
Let j be 6 - (1 - -1) - 2. Suppose j*c - 12 = -0*c. List the prime factors of c.
2, 3
Let c = 7 - -1. Let y(j) = -j**2 + 13*j - 11. What are the prime factors of y(c)?
29
Suppose -2*k + k = -81. Suppose w = -2*w - 3*a + 75, -3*a - k = -3*w. Suppose w = 2*y + 6. What are the prime factors of y?
2, 5
Let z = 8 + -11. Let p = z - -6. What are the prime factors of p?
3
Let q = 13 - 21. Let c be 3 - (1 + (q - -2)). Suppose 11 + c = i. What are the prime factors of i?
19
Suppose 8*r + 976 = 12*r. List the prime factors of r.
2, 61
Suppose -3*v + 1329 = 4*c, v = c - 0*v - 341. What are the prime factors of c?
2, 3, 7
What are the prime factors of (0 - 3)*(-12 - -5)?
3, 7
Suppose -5*o - 10 = 3*d - 98, -2*d = 3*o - 53. List the prime factors of o.
17
Let p(d) = 1 + d + 0 + 10. List the prime factors of p(-8).
3
Let w(c) be the first derivative of -2*c**2 - 3*c - 1. Let n = -1 + -3. What are the prime factors of w(n)?
13
Let q = 8 + -2. Let y(b) = -b + b**2 - 2 + q + 2. List the prime factors of y(0).
2, 3
Let l(r) = -r**3 - 7*r**2 - 9. Let g be l(-7). Let c = -7 - g. What are the prime factors of c?
2
Let j(a) = 2*a - 4. Let x be j(4). Let c = -2 - -1. What are the prime factors of ((-78)/24)/(c/x)?
13
Suppose -26 = 4*b + 4*k - 2, -3*k = -5*b - 46. Let l = b - -14. Let t(p) = p**2 - 5*p + 6. List the prime factors of t(l).
2, 3
Suppose -2*p - 8 = -120. Suppose 7*b - p = 5*b. What are the prime factors of b?
2, 7
Let s be (-1 - 4/2) + 5. Suppose 0*m - s*m = -26. List the prime factors of m.
13
Suppose 4*r = 7 + 9. What are the prime factors of (88/r + -1)/1?
3, 7
Suppose 8*s - 15 = 3*s, 5*c - s - 1067 = 0. What are the prime factors of c?
2, 107
Suppose -54 - 5 = -y. What are the prime factors of y?
59
Let g be 63 + 5 + 3 + -6. What are the prime factors of 4/10 - g/(-25)?
3
Let x(a) = a**3 - 9*a**2 - 6*a + 5. What are the prime factors of x(10)?
3, 5
List the prime factors of -2 - (-1*95)/5.
17
Suppose 0*i - 2*i + 5*p = -61, 0 = -2*i + 4*p + 60. List the prime factors of i.
2, 7
Suppose z + 1043 = 5*h, 4*h + z - 289 = 549. What are the prime factors of h?
11, 19
Suppose -74 - 162 = -4*f. Let t = 95 - f. What are the prime factors of t?
2, 3
Let j(f) = 4*f**2 + f. Let q be j(1). Suppose 2*l = q*l - 12. Suppose 5*a + v = -2*v + 28, -a - v = -l. List the prime factors of a.
2
Let n(b) = b + 2. Suppose 2*v - 6 = 0, -5*q - 5*v + 24 = -2*v. List the prime factors of n(q).
5
Let y(u) = 3*u**2 + 12*u + 15. List the prime factors of y(-11).
2, 3, 41
Suppose -2*o - c = 24, 0*c - 44 = 4*o + c. What are the prime factors of (-35)/o*(0 + 6)?
3, 7
What are the prime factors of 1/2*182 + -3?
2, 11
Suppose 12 = -2*a + 4*v, 3*a - v + 0*v = 2. Let y = a + 0. List the prime factors of y - (1 - -1 - 3).
3
Let g be (-1 - 2)/((-10)/30). Suppose 5*b - 10 = -0*b. Suppose b*o - 3 - g = 0. What are the prime factors of o?
2, 3
Let a(r) = -r**3 + 3*r**2 + 4*r + 4. Let p be a(4). Suppose -n + p*n = 12. List the prime factors of 56/(-21)*(-6)/n.
2
Let u be (-15)/(-2) + (-1)/2. Let b(s) = s